118 and 109?
109
What is the greatest common factor of 986 and 87290?
58
Calculate the greatest common divisor of 96 and 448032.
96
Calculate the highest common factor of 309650 and 7150.
550
What is the greatest common factor of 60 and 183660?
60
What is the highest common factor of 322884 and 2?
2
What is the highest common divisor of 250 and 178250?
250
Calculate the greatest common divisor of 26 and 381329.
13
Calculate the greatest common divisor of 1664 and 45032.
104
Calculate the greatest common factor of 597 and 586851.
597
What is the highest common factor of 4563 and 17407?
169
What is the greatest common divisor of 23 and 10930796?
23
Calculate the greatest common divisor of 5817 and 9141.
831
What is the greatest common factor of 111 and 1193509?
37
What is the greatest common factor of 326536 and 49?
49
Calculate the greatest common factor of 664 and 5392.
8
Calculate the highest common factor of 2523 and 501.
3
Calculate the greatest common divisor of 33762 and 204.
102
Calculate the greatest common divisor of 12079 and 3084.
257
Calculate the highest common factor of 16 and 1296404.
4
What is the greatest common factor of 24721 and 2537?
59
Calculate the greatest common divisor of 10520 and 19462.
526
Calculate the greatest common divisor of 654528 and 168.
168
What is the greatest common divisor of 22 and 2050?
2
Calculate the highest common factor of 52592 and 144.
16
What is the highest common factor of 6167 and 1099?
7
Calculate the greatest common factor of 505531 and 4204.
1051
Calculate the greatest common divisor of 403 and 29202.
31
Calculate the greatest common divisor of 588 and 35160.
12
What is the highest common divisor of 1232 and 1177?
11
What is the greatest common factor of 454209 and 2408?
301
Calculate the highest common factor of 6160 and 42174.
22
What is the highest common factor of 467505 and 108?
27
What is the greatest common factor of 2296 and 36162?
574
Calculate the highest common divisor of 3640 and 247780.
260
Calculate the greatest common factor of 1784576 and 256.
256
Calculate the highest common factor of 24320 and 1360.
80
What is the greatest common divisor of 16350 and 1526?
218
What is the greatest common divisor of 200304 and 72?
72
Calculate the highest common divisor of 4004 and 686224.
308
Calculate the greatest common divisor of 9541 and 68056.
47
Calculate the greatest common factor of 101772 and 17424.
396
What is the greatest common divisor of 8199 and 45?
9
Calculate the highest common divisor of 360 and 12345.
15
Calculate the highest common factor of 7772 and 4524.
116
What is the greatest common factor of 26672 and 976?
16
What is the greatest common divisor of 87 and 73341?
87
What is the greatest common factor of 19 and 56145?
19
Calculate the greatest common factor of 273 and 517413.
39
Calculate the greatest common factor of 195 and 94935.
15
What is the greatest common factor of 1668 and 39476?
556
What is the highest common divisor of 25886 and 266?
14
What is the highest common divisor of 51 and 1406767?
17
Calculate the greatest common divisor of 329 and 78443.
47
Calculate the greatest common factor of 6188 and 22848.
476
What is the greatest common factor of 294 and 6909?
147
Calculate the greatest common divisor of 20384 and 452608.
416
What is the highest common factor of 1038 and 738?
6
What is the greatest common divisor of 161 and 317233?
7
What is the highest common factor of 338 and 267956?
26
Calculate the highest common divisor of 1642 and 122.
2
What is the highest common divisor of 91517 and 1038?
173
What is the greatest common divisor of 38475 and 125?
25
Calculate the greatest common divisor of 23001 and 1842171.
2091
What is the greatest common divisor of 14719 and 86878?
359
Calculate the greatest common factor of 33043 and 865.
173
What is the highest common factor of 2054 and 7426?
158
What is the greatest common factor of 171 and 6441?
57
Calculate the greatest common factor of 3269 and 255449.
467
Calculate the highest common factor of 72 and 32094.
18
Calculate the highest common factor of 644 and 1442.
14
Calculate the greatest common factor of 1058 and 136597.
23
What is the greatest common divisor of 38 and 223231?
19
Calculate the highest common factor of 1054 and 3273197.
527
Calculate the highest common divisor of 367404 and 204.
204
What is the greatest common factor of 3728 and 144?
16
Calculate the highest common divisor of 1080 and 57915.
135
What is the highest common divisor of 7683 and 23673?
39
What is the highest common divisor of 136 and 600916?
68
What is the greatest common divisor of 3104 and 1152?
32
What is the greatest common factor of 72360 and 76680?
1080
Calculate the greatest common divisor of 9720 and 9990.
270
Calculate the highest common divisor of 835 and 1579820.
835
Calculate the highest common factor of 67 and 8107.
67
Calculate the greatest common factor of 269410 and 10.
10
Calculate the highest common divisor of 14670 and 2286.
18
What is the highest common divisor of 56838 and 6?
6
Calculate the highest common divisor of 30 and 28420.
10
Calculate the greatest common divisor of 132614 and 976.
122
Calculate the greatest common divisor of 5658 and 552.
138
Calculate the greatest common divisor of 9432 and 564.
12
Calculate the highest common divisor of 704 and 395021.
11
Calculate the highest common divisor of 169 and 196339.
13
What is the highest common factor of 437642 and 508?
254
What is the greatest common divisor of 4805 and 310?
155
What is the highest common divisor of 38025 and 2637?
9
What is the greatest common divisor of 10 and 195388?
2
What is the highest common factor of 844 and 156562?
422
Calculate the greatest common factor of 73272 and 688.
344
Calculate the highest common divisor of 504 and 1871912.
56
Calculate the highest common factor of 42 and 32347.
7
Calculate the greatest common divisor of 27574 and 272.
34
What is the greatest common factor of 57828 and 305?
61
Calculate the greatest common divisor of 5911 and 514.
257
Calculate the greatest common factor of 11700 and 1274.
26
Calculate the greatest common divisor of 16366 and 196.
98
Calculate the highest common factor of 76 and 3356236.
76
What is the greatest common divisor of 8575 and 400?
25
Calculate the highest common factor of 1297 and 8.
1
Calculate the highest common factor of 1106523 and 198.
99
Calculate the highest common divisor of 68197 and 47.
47
Calculate the greatest common divisor of 3984 and 16102.
166
What is the greatest common factor of 25857 and 1683?
153
What is the highest common factor of 351 and 24759?
27
Calculate the greatest common divisor of 706 and 1642.
2
Calculate the highest common factor of 7470 and 91440.
90
What is the greatest common divisor of 42 and 3587934?
42
Calculate the highest common divisor of 1430 and 3874585.
715
What is the highest common divisor of 17663 and 85?
17
What is the highest common factor of 100013 and 3884?
971
Calculate the highest common factor of 432310 and 1020.
170
What is the highest common factor of 8788 and 95316?
676
Calculate the highest common divisor of 5423 and 787321.
493
What is the greatest common divisor of 4970 and 70?
70
Calculate the greatest common factor of 418 and 258192.
22
Calculate the highest common factor of 45 and 11355.
15
What is the highest common divisor of 10 and 87035?
5
Calculate the greatest common divisor of 185697 and 423.
423
Calculate the greatest common factor of 241311 and 105.
21
What is the highest common factor of 236752 and 16?
16
What is the highest common divisor of 1653 and 56289?
87
What is the highest common factor of 3460 and 24060?
20
What is the highest common factor of 876 and 2208396?
876
What is the greatest common divisor of 31236 and 60?
12
Calculate the highest common divisor of 28 and 28693.
7
Calculate the highest common divisor of 14619 and 334465.
443
Calculate the greatest common factor of 64536 and 144.
24
What is the highest common divisor of 768 and 22368?
96
What is the highest common divisor of 22542 and 91?
13
What is the greatest common divisor of 2 and 47?
1
Calculate the greatest common divisor of 75 and 160400.
25
Calculate the highest common factor of 30 and 285465.
15
Calculate the highest 